
24
Let g(q) = 2587*q + 2558*q + 41 - q**2 - 5123*q. Give g(24).
-7
Let r(n) = n**3 - 13*n**2 - 46*n - 35. Suppose 4 = 14*v - 220. Give r(v).
-3
Suppose -23 = -3*i - 2*i + 3*o, 0 = i - 3*o - 7. Suppose -3*q + 4*b - 2 = -0, q = -i*b - 22. Let k(z) = z**2 + 5*z - 1. Calculate k(q).
5
Let w(p) = -p**2 + 6*p**2 + 3 + p**2 - 5. Let v(t) = 3*t**2 - 1. Let f(q) = -5*v(q) + 3*w(q). Determine f(1).
2
Let z(t) = -8*t - 2. Let a be 1670/20 - (-1)/(-2). Let g = a - 81. Calculate z(g).
-18
Let y(u) = 5*u + u + 0*u + 9 - 7*u. Calculate y(7).
2
Let s(m) = -4*m**2 + 4 - m**3 + 13*m**2 - 3*m - 10 - 4*m**2 + 5. Determine s(3).
8
Let z = -2 + 6. Suppose t = b + 4 - 12, -t - 26 = -z*b. Let h be 3/b + 26/(-4). Let p(v) = 2*v + 8. Determine p(h).
-4
Let w(a) = -11*a - 10 - 6*a**2 + 7*a**2 - 7*a - 3*a**2 + 3*a**2. Give w(19).
9
Let k(n) = -3. Let v(f) = f + 24. Let o(l) = -6*k(l) - v(l). What is o(6)?
-12
Let r(p) be the second derivative of p**6/120 + p**5/60 - 7*p**4/12 - 6*p. Let y(f) be the third derivative of r(f). Calculate y(-2).
-10
Let w(f) = f**3 - 10*f**2 - 13*f + 15. Let x be w(11). Let l(a) = -a**3 - 6*a**2 + 6*a + 9. Determine l(x).
16
Let k(z) = 2*z**3 - 9*z**2 + 6*z - 7. Let v be 14 + -18 + 1 + (-7)/(-1). Give k(v).
1
Let n(f) = -f**3 - 10*f**2 - 24*f + 1. Let p be n(-5). Let w(s) = s**2 + 7*s + 6. Determine w(p).
-6
Let p be (-15)/(-18) + 18/108. Let d(z) = z**2 - 1. What is d(p)?
0
Let h(c) = -c**3 + c - 2. Suppose -z - 5 = 2*y - 3*y, -5*z = -y + 25. Let s = y - 0. Suppose s = 2*o - 3*o. Determine h(o).
-2
Let q(k) = 12*k - 2. Let z be q(-1). Let u(g) = -g**3 - 13*g**2 + 13*g - 10. What is u(z)?
4
Let c(t) be the second derivative of -11*t**5/20 + t**4/6 - t**3/3 + t**2/2 - 557*t. Let i(h) = -h + 8. Let r be i(7). What is c(r)?
-10
Let a(j) = 9*j + 1. Let y(d) = 4*d. Let t(f) = f + 7. Let p be t(-5). Let u(l) = p*a(l) - 5*y(l). Let g(q) = q - 3. Let x(i) = 3*g(i) + 4*u(i). Calculate x(-3).
14
Let s = 1090 - 1086. Let p(z) = 3*z**2 - 2*z + 5. Give p(s).
45
Let b(h) = -h. Let z(u) = -2*u - 1. Let d(j) = 4*b(j) - 4*z(j). Calculate d(7).
32
Let x(v) = 3*v**2 - 1. Let o(g) = g**3 + 9*g**2 - 24*g - 21. Let n be o(-11). Calculate x(n).
2
Let g(v) be the first derivative of -v**3/3 + 512. Suppose y = 5*i - 17, -3*i = -3*y + 2*y - 11. Calculate g(y).
-4
Let u = -118 - -109. Let z(g) = -5*g**2 - 9*g - 1. Let f(o) = o**2 + 2*o. Let r(h) = u*f(h) - 2*z(h). What is r(-4)?
18
Let x = 16 + -10. Let g(l) = -7*l**2 - 5*l**2 - x*l**3 + 11*l**2 - 1 - l. Suppose 0*q = -q - 1. What is g(q)?
5
Let c(z) = 7*z - 5*z + 4*z - 4*z + 2. Give c(-3).
-4
Let m be (1/(2/(-3)))/(8/304). Let s = m - -53. Let l(h) = 2*h**3 - h**3 + 4*h**2 + 0*h**2. Calculate l(s).
0
Let l(o) be the first derivative of 2*o**2 + 7*o - 23. Calculate l(-3).
-5
Let h(f) be the third derivative of 8*f**2 + 0*f + 11/6*f**3 + 0 + 1/24*f**4 + 1/360*f**6 + 1/40*f**5. Let c(q) be the first derivative of h(q). Give c(-2).
-1
Let t(n) = -n - 7. Let h(y) be the second derivative of -7*y**3/6 - 5*y**2/2 - 18*y. Let c be h(0). Calculate t(c).
-2
Let l(d) = -13*d + 52*d - 5 - 19*d - 19*d. Give l(5).
0
Let y(q) = -3*q + 26. Let s(v) = 5*v - 28. Let i(b) = 2*s(b) + 3*y(b). Determine i(-16).
6
Let j = -27 + 19. Let o = j - -15. Let g(l) = -9*l + 57 - 29 + l**2 - 19. Determine g(o).
-5
Let y(t) = -t**2 + 3*t + 3. Suppose 0 = 4*m - 8, 5*c = 4*m + m + 15. Suppose 35 = 4*w - 8*a + 3*a, -w = c*a + 10. Let u be 22/w + (-2)/5. Determine y(u).
-1
Let f(k) = k - 4. Suppose -2*w - 3*w + 4*h = 75, 0 = -4*w - 2*h - 34. Let u = 15 + w. Give f(u).
0
Let r(u) = 7*u**3 - 7*u**2 - 3*u + 12. Let j(y) = -6*y**3 + 7*y**2 + 4*y - 12. Let x(m) = 6*j(m) + 5*r(m). Determine x(8).
-4
Let n(k) = k**3 - k**2. Suppose -4 = -3*o - u, -3 = -2*o - u - 0*u. Determine n(o).
0
Let y = -15 + 135. Let d = 117 - y. Let i(h) = h**3 + 3*h**2 + h + 4. Give i(d).
1
Suppose -4 = 3*y - 16. Suppose y*v = 7*v. Let n(r) = r + 5*r + v*r. Give n(1).
6
Let m(t) be the third derivative of t**9/60480 + t**8/3360 - t**7/5040 - t**6/120 - t**5/20 + 12*t**2. Let p(h) be the third derivative of m(h). What is p(-6)?
0
Suppose 3*w - 1 + 10 = 0, -v + 3*w = -15. Suppose -9*l + v = -7*l. Let d(j) be the third derivative of -j**4/12 - j**3/6 - j**2. What is d(l)?
-7
Let f = 99 - 77. Let a = 47 - 28. Let k = a - f. Let n(s) = s**3 + 3*s**2 - 2*s + 4. What is n(k)?
10
Suppose 2*b + 5*x + 9 = 0, -b + 18 = -8*x + 3*x. Let d be (2/b)/((-2)/(-9)). Let u(r) = r**2 - r + 5. Let y(o) = 1. Let n(q) = -u(q) + 6*y(q). Give n(d).
-5
Let l = -25 - -27. Let m(t) = -l*t - 10 + 3 - t**3 + 2*t**3 + 4 - 2*t**2. What is m(3)?
0
Let q(a) = -a**3 - 7*a**2 + 13*a + 11. Suppose 2*p + 54 = 5*o + 13, 0 = -4*p - 5*o - 7. Calculate q(p).
-29
Let y(n) = 7*n - 5. Let l(i) = -3*i + 2. Let t(u) = -5*l(u) - 2*y(u). Let q = 7 - 4. Suppose q*p + 0 = 18. What is t(p)?
6
Let x(l) be the first derivative of -l**6/360 + l**5/120 - l**4/24 + 5*l**3 - 17. Let n(g) be the third derivative of x(g). Calculate n(0).
-1
Let h = 11 + -29. Let v = -16 - h. Let t(f) = -16*f**v - 7*f - 3*f + 8*f + 1. Calculate t(1).
-17
Let r(p) = -2*p**3 + 8*p**2 - 5*p + 4. Suppose -482*i + 479*i = -9. What is r(i)?
7
Let z(s) = s - 9. Suppose -2*y + 0*v + 2*v + 60 = 0, 4*v + 20 = 0. Let o = y + -19. Calculate z(o).
-3
Suppose -17*i + 2048 = -i. Let x be 5/(-2)*i/80. Let o(w) = -w**2 + 2. Calculate o(x).
-14
Let b(z) be the third derivative of z**5/60 - 5*z**4/8 + 2*z**3/3 + 31*z**2 - 2. Give b(15).
4
Let a(j) = -j**2 - 5*j - 2. Let s(l) = l**2 - 10*l + 20. Let p be s(6). What is a(p)?
2
Suppose -8*p = -7*p + 1. Let w(f) = 9*f**2 + 12*f + 13. Let q(a) = -10*a**2 - 14*a - 15. Let d(u) = -6*q(u) - 7*w(u). Calculate d(p).
-4
Let a(z) = z**3 + 6*z**2 + 2*z - 4. Let o be a(-6). Let k = -16 - o. Let w(r) be the first derivative of -r**3/3 + r**2/2 - 12*r + 44. Calculate w(k).
-12
Let h(m) be the second derivative of -m**4/24 - 5*m**3/6 - 21*m**2/2 - 3*m. Let u(g) be the first derivative of h(g). Determine u(-5).
0
Suppose -5*d - 10 = -2*i, -i - i + 10 = d. Suppose -2*z + 5*y - 10 = d, 1 = y - 1. Let k(u) = 2 + z - 4*u + u + u. Calculate k(4).
-6
Let t(w) = -6*w**3 + w**2 - 4*w - 1. Let a(q) = 5*q**3 - q**2 + 3*q + 1. Let f(x) = 4*a(x) + 3*t(x). Give f(-1).
-2
Let k(h) = 11*h**3 + 2*h + 2. Let y be k(-1). Let b(a) = a + 14. Calculate b(y).
3
Let n = -31 + 36. Suppose -3*r + n*r - 10 = 0. Let f(z) = -4*z**3 + 6*z + 7. Let g(h) = -5*h**3 + h**2 + 7*h + 8. Let q(o) = -6*f(o) + 5*g(o). What is q(r)?
-7
Suppose 3*t + 4 = 5*t. Let c(k) = -k**2 + 2*k**2 - k - 2*k**t + 12 - 14. Let x be (-2 + 3)*(2 - -1). Determine c(x).
-14
Let y = -1 + 2. Let b = y - 3. Let f(j) = -3*j - 2. Calculate f(b).
4
Let y(d) = 2*d**2 + 8*d + 5. Let o be y(-5). Suppose -3*i + 3*c - o = 2*i, -5*c = -i + 19. Let q(t) = -t - 11. Give q(i).
-5
Let z(s) = -s**3 + 2*s**2 - 2*s + 4. Let i = 402 + -399. What is z(i)?
-11
Let f = -7 + 12. Suppose 4*l = 2*b, -f*l - 6*b + 3*b + 22 = 0. Let w(c) = -2*c + c + 5*c - 1 - c**3 + l*c**2. What is w(3)?
2
Let f(k) = 6*k - 3. Let q(t) = -10*t + 5. Let p(o) = -7*f(o) - 4*q(o). What is p(-2)?
5
Let i(b) = -b**2 + 10*b + 7. Let c be i(10). Let t(l) = -2 - c*l**3 + 3*l**2 + 1 + 8*l**3 - l. What is t(-3)?
2
Let s = 504 - 511. Let a(z) = 9 - 18*z + 17*z + 0. Give a(s).
16
Let y(s) = -14*s**3 - 23*s**2 - 29*s - 12. Let t(x) = 5*x**3 + 8*x**2 + 10*x + 4. Let q = 12 - 15. Let b = q + 20. Let r(o) = b*t(o) + 6*y(o). Determine r(4).
12
Suppose -5*k - 3*c + 9 = -7*k, 5*k - 2*c = -6. Let y(l) = l**2 + 3*l - 6*l + k*l - 3*l - 5. Determine y(7).
2
Suppose 2*o + 4 - 2 = -f, -3*f = -o - 1. Let r(t) = f*t + 2*t + 6 - 3*t + t**3 - 5*t**2. What is r(5)?
1
Let k(p) = 9*p**2 + 6. Let a(m) = -5*m**2 - 3. Let i(u) = -11*a(u) - 6*k(u). Let w(z) = z - 1. Let h(j) = -i(j) + 6*w(j). Calculate h(4).
5
Let t = -8 - -9. Let b be -3 + 8 - 2 - t. Let z be (-2*5 - -2) + b. Let j(h) = -h**2 - 7*h. What is j(z)?
6
Let o(x) = 5*x. Let f(w) = -w**2 - 6*w - 6. Let i(j) = -3*j**2 - 19*j - 17. Let p(v) = -8*f(v) + 3*i(v). Let l be p(-8). Give o(l).
25
Let f(c) = c - 15. Let s = -361 + 366. Determine f(s).
-10
Let x = 25 + -40. Let i = -15 - x. Let o(j) = -j + 4. What is o(i)?
4
Suppose 5*w - 5*s = 15, -5*s - 31 = 3*w - 0*s. Let o be 4/(-8)*w + -4. Let k(f) = -2*f - 3. Give k(o).
3
Let r